{"id":21094,"date":"2025-02-26T23:31:24","date_gmt":"2025-02-26T23:31:24","guid":{"rendered":"https:\/\/rabinogloiber.org\/?page_id=21094"},"modified":"2025-04-01T16:06:54","modified_gmt":"2025-04-01T16:06:54","slug":"kids-historinhas-do-rabino-david-moritz","status":"publish","type":"page","link":"https:\/\/rabinogloiber.org\/?page_id=21094","title":{"rendered":"Kids &#8211; Historinhas do Rabino David Moritz"},"content":{"rendered":"<h4 style=\"text-align: center;\"><a href=\"https:\/\/youtube.com\/playlist?list=PLd_qHKu21XrFo0g0R01HfJRCSeAsOFAi0&amp;si=Dx37ss_FsxcndzpG\"><span style=\"color: #0000ff;\">Historinhas do Rabino David Moritz\u00a0<\/span><\/a><\/h4>\n<p><iframe loading=\"lazy\" title=\"CHAMETZ EM CASA JAMAIS - A HIST\u00d3RIA QUE VOU CONTAR EP 04\" width=\"1320\" height=\"743\" src=\"https:\/\/www.youtube.com\/embed\/at6ecVj88Xg?feature=oembed\" frameborder=\"0\" allow=\"accelerometer; autoplay; clipboard-write; encrypted-media; gyroscope; picture-in-picture; web-share\" referrerpolicy=\"strict-origin-when-cross-origin\" allowfullscreen><\/iframe><\/p>\n<p><iframe loading=\"lazy\" title=\"O PRINCIPAL INGREDIENTE DA MATS\u00c1 | A HIST\u00d3RIA QUE EU VOU CONTAR EP61\" width=\"1320\" height=\"743\" src=\"https:\/\/www.youtube.com\/embed\/hNhEVkSq5t0?feature=oembed\" frameborder=\"0\" allow=\"accelerometer; autoplay; clipboard-write; encrypted-media; gyroscope; picture-in-picture; web-share\" referrerpolicy=\"strict-origin-when-cross-origin\" allowfullscreen><\/iframe><\/p>\n<p><iframe loading=\"lazy\" title=\"UM PLANO ARRUINADO PELOS C\u00c9US  | A HIST\u00d3RIA QUE EU VOU CONTAR EP62\" width=\"1320\" height=\"743\" src=\"https:\/\/www.youtube.com\/embed\/PUR0yvy5ne8?feature=oembed\" frameborder=\"0\" allow=\"accelerometer; autoplay; clipboard-write; encrypted-media; gyroscope; picture-in-picture; web-share\" referrerpolicy=\"strict-origin-when-cross-origin\" allowfullscreen><\/iframe><\/p>\n<p><iframe loading=\"lazy\" title=\"O PODER DO PERD\u00c3O | A HIST\u00d3RIA QUE VOU CONTAR EP 03\" width=\"1320\" height=\"743\" src=\"https:\/\/www.youtube.com\/embed\/EPnhpQSs8WI?feature=oembed\" frameborder=\"0\" allow=\"accelerometer; autoplay; clipboard-write; encrypted-media; gyroscope; picture-in-picture; web-share\" referrerpolicy=\"strict-origin-when-cross-origin\" allowfullscreen><\/iframe><\/p>\n<p><iframe loading=\"lazy\" title=\"\u00c9 TUDO QUEST\u00c3O DE ESFOR\u00c7O | A HIST\u00d3RIA QUE VOU CONTAR EP 06\" width=\"1320\" height=\"743\" src=\"https:\/\/www.youtube.com\/embed\/KBdfGm-6lvY?feature=oembed\" frameborder=\"0\" allow=\"accelerometer; autoplay; clipboard-write; encrypted-media; gyroscope; picture-in-picture; web-share\" referrerpolicy=\"strict-origin-when-cross-origin\" allowfullscreen><\/iframe><\/p>\n<p><iframe loading=\"lazy\" title=\"FAZENDO NOSSA PARTE  | A HIST\u00d3RIA QUE VOU CONTAR EP 07\" width=\"1320\" height=\"743\" src=\"https:\/\/www.youtube.com\/embed\/rVnLdRY5h0c?feature=oembed\" frameborder=\"0\" allow=\"accelerometer; autoplay; clipboard-write; encrypted-media; gyroscope; picture-in-picture; web-share\" referrerpolicy=\"strict-origin-when-cross-origin\" allowfullscreen><\/iframe><\/p>\n<p><iframe loading=\"lazy\" title=\"N\u00c3O DESPERDICE COMIDA | A HIST\u00d3RIA QUE EU VOU CONTAR EP24\" width=\"1320\" height=\"743\" src=\"https:\/\/www.youtube.com\/embed\/Rzt7UakIK48?feature=oembed\" frameborder=\"0\" allow=\"accelerometer; autoplay; clipboard-write; encrypted-media; gyroscope; picture-in-picture; web-share\" referrerpolicy=\"strict-origin-when-cross-origin\" allowfullscreen><\/iframe><\/p>\n<p><iframe loading=\"lazy\" title=\"PROTE\u00c7\u00c3O DIVINA PELA BOA A\u00c7\u00c3O  | A HIST\u00d3RIA QUE EU VOU CONTAR EP26\" width=\"1320\" height=\"743\" src=\"https:\/\/www.youtube.com\/embed\/DFDcDdK2Na4?feature=oembed\" frameborder=\"0\" allow=\"accelerometer; autoplay; clipboard-write; encrypted-media; gyroscope; picture-in-picture; web-share\" referrerpolicy=\"strict-origin-when-cross-origin\" allowfullscreen><\/iframe><\/p>\n<p><iframe loading=\"lazy\" title=\"UM JULGAMENTO ESPECIAL | A HIST\u00d3RIA QUE EU VOU CONTAR EP32\" width=\"1320\" height=\"743\" src=\"https:\/\/www.youtube.com\/embed\/Y0RnpSNCXqc?feature=oembed\" frameborder=\"0\" allow=\"accelerometer; autoplay; clipboard-write; encrypted-media; gyroscope; picture-in-picture; web-share\" referrerpolicy=\"strict-origin-when-cross-origin\" allowfullscreen><\/iframe><\/p>\n<p><iframe loading=\"lazy\" title=\"RECOMPENSA PELA PACI\u00caNCIA | A HIST\u00d3RIA QUE EU VOU CONTAR EP33\" width=\"1320\" height=\"743\" src=\"https:\/\/www.youtube.com\/embed\/wjl_iYWA_WI?feature=oembed\" frameborder=\"0\" allow=\"accelerometer; autoplay; clipboard-write; encrypted-media; gyroscope; picture-in-picture; web-share\" referrerpolicy=\"strict-origin-when-cross-origin\" allowfullscreen><\/iframe><\/p>\n<p><iframe loading=\"lazy\" title=\"QUEM MERECE O MUNDO VINDOURO | A HIST\u00d3RIA QUE EU VOU CONTAR EP35\" width=\"1320\" height=\"743\" src=\"https:\/\/www.youtube.com\/embed\/er3B-yD3QzE?feature=oembed\" frameborder=\"0\" allow=\"accelerometer; autoplay; clipboard-write; encrypted-media; gyroscope; picture-in-picture; web-share\" referrerpolicy=\"strict-origin-when-cross-origin\" allowfullscreen><\/iframe><\/p>\n<p><iframe loading=\"lazy\" title=\"A JUSTI\u00c7A DO POVO JUDEU | A HIST\u00d3RIA QUE EU VOU CONTAR EP40\" width=\"1320\" height=\"743\" src=\"https:\/\/www.youtube.com\/embed\/k23IrudQCxk?feature=oembed\" frameborder=\"0\" allow=\"accelerometer; autoplay; clipboard-write; encrypted-media; gyroscope; picture-in-picture; web-share\" referrerpolicy=\"strict-origin-when-cross-origin\" allowfullscreen><\/iframe><\/p>\n<p><iframe loading=\"lazy\" title=\"UMA LI\u00c7\u00c3O DE HUMILDADE  | A HIST\u00d3RIA QUE EU VOU CONTAR EP42\" width=\"1320\" height=\"743\" src=\"https:\/\/www.youtube.com\/embed\/9Lw55a6qTo4?feature=oembed\" frameborder=\"0\" allow=\"accelerometer; autoplay; clipboard-write; encrypted-media; gyroscope; picture-in-picture; web-share\" referrerpolicy=\"strict-origin-when-cross-origin\" allowfullscreen><\/iframe><\/p>\n<p><iframe loading=\"lazy\" title=\"UM FUTURO TSADIK  | A HIST\u00d3RIA QUE EU VOU CONTAR EP43\" width=\"1320\" height=\"743\" src=\"https:\/\/www.youtube.com\/embed\/v2yhqr64ACA?feature=oembed\" frameborder=\"0\" allow=\"accelerometer; autoplay; clipboard-write; encrypted-media; gyroscope; picture-in-picture; web-share\" referrerpolicy=\"strict-origin-when-cross-origin\" allowfullscreen><\/iframe><\/p>\n<p><iframe loading=\"lazy\" title=\"COMO HONRAR UMA M\u00c3E | A HIST\u00d3RIA QUE EU VOU CONTAR EP45\" width=\"1320\" height=\"743\" src=\"https:\/\/www.youtube.com\/embed\/o1tkQoRVJtc?feature=oembed\" frameborder=\"0\" allow=\"accelerometer; autoplay; clipboard-write; encrypted-media; gyroscope; picture-in-picture; web-share\" referrerpolicy=\"strict-origin-when-cross-origin\" allowfullscreen><\/iframe><\/p>\n<p><iframe loading=\"lazy\" title=\"O PRESENTE DA PACI\u00caNCIA | A HIST\u00d3RIA QUE EU VOU CONTAR EP47\" width=\"1320\" height=\"743\" src=\"https:\/\/www.youtube.com\/embed\/i9U5ktF1gdg?feature=oembed\" frameborder=\"0\" allow=\"accelerometer; autoplay; clipboard-write; encrypted-media; gyroscope; picture-in-picture; web-share\" referrerpolicy=\"strict-origin-when-cross-origin\" allowfullscreen><\/iframe><\/p>\n<p><iframe loading=\"lazy\" title=\"O PESO DA HONESTIDADE | A HIST\u00d3RIA QUE EU VOU CONTAR EP55\" width=\"1320\" height=\"743\" src=\"https:\/\/www.youtube.com\/embed\/lE3dI_vNNkA?feature=oembed\" frameborder=\"0\" allow=\"accelerometer; autoplay; clipboard-write; encrypted-media; gyroscope; picture-in-picture; web-share\" referrerpolicy=\"strict-origin-when-cross-origin\" allowfullscreen><\/iframe><\/p>\n<p><iframe loading=\"lazy\" title=\"UM SOCORRO INESPERADO | A HIST\u00d3RIA QUE EU VOU CONTAR EP56\" width=\"1320\" height=\"743\" src=\"https:\/\/www.youtube.com\/embed\/WsKEAqyVgOI?feature=oembed\" frameborder=\"0\" allow=\"accelerometer; autoplay; clipboard-write; encrypted-media; gyroscope; picture-in-picture; web-share\" referrerpolicy=\"strict-origin-when-cross-origin\" allowfullscreen><\/iframe><\/p>\n<p><iframe loading=\"lazy\" title=\"O PERD\u00c3O QUE CURA | A HIST\u00d3RIA QUE EU VOU CONTAR EP64\" width=\"1320\" height=\"743\" src=\"https:\/\/www.youtube.com\/embed\/QsEBsIwpypc?feature=oembed\" frameborder=\"0\" allow=\"accelerometer; autoplay; clipboard-write; encrypted-media; gyroscope; picture-in-picture; web-share\" referrerpolicy=\"strict-origin-when-cross-origin\" allowfullscreen><\/iframe><\/p>\n<p><iframe loading=\"lazy\" title=\"UMA LI\u00c7\u00c3O DE BONDADE | A HIST\u00d3RIA QUE EU VOU CONTAR EP67\" width=\"1320\" height=\"743\" src=\"https:\/\/www.youtube.com\/embed\/bw5KN5_cnOc?feature=oembed\" frameborder=\"0\" allow=\"accelerometer; autoplay; clipboard-write; encrypted-media; gyroscope; picture-in-picture; web-share\" referrerpolicy=\"strict-origin-when-cross-origin\" allowfullscreen><\/iframe><\/p>\n<p><iframe loading=\"lazy\" title=\"O MILAGRE DO HOMEM BOM | A HIST\u00d3RIA QUE EU VOU CONTAR EP75\" width=\"1320\" height=\"743\" src=\"https:\/\/www.youtube.com\/embed\/YShbsGQMwNY?feature=oembed\" frameborder=\"0\" allow=\"accelerometer; autoplay; clipboard-write; encrypted-media; gyroscope; picture-in-picture; web-share\" referrerpolicy=\"strict-origin-when-cross-origin\" allowfullscreen><\/iframe><\/p>\n<h6 style=\"text-align: center;\"><span style=\"color: #0000ff;\"><a style=\"color: #0000ff;\" href=\"https:\/\/youtube.com\/playlist?list=PLd_qHKu21XrGNQCZX6FgqollLorfx_vX-&amp;si=qbiavwruZNlPgXVe\">Empatia &#8211; Historinhas do Rabino David Moritz\u00a0<\/a><\/span><\/h6>\n<p><iframe loading=\"lazy\" title=\"EMPATIA | HIST\u00d3RIAS\" width=\"1320\" height=\"743\" src=\"https:\/\/www.youtube.com\/embed\/videoseries?list=PLd_qHKu21XrGNQCZX6FgqollLorfx_vX-\" frameborder=\"0\" allow=\"accelerometer; autoplay; clipboard-write; encrypted-media; gyroscope; picture-in-picture; web-share\" referrerpolicy=\"strict-origin-when-cross-origin\" allowfullscreen><\/iframe><\/p>\n<p><iframe loading=\"lazy\" title=\"NUNCA DEIXE DE AJUDAR O PR\u00d3XIMO | A HIST\u00d3RIA QUE VOU CONTAR EP 05\" width=\"1320\" height=\"743\" src=\"https:\/\/www.youtube.com\/embed\/_56ACknHhYE?feature=oembed\" frameborder=\"0\" allow=\"accelerometer; autoplay; clipboard-write; encrypted-media; gyroscope; picture-in-picture; web-share\" referrerpolicy=\"strict-origin-when-cross-origin\" allowfullscreen><\/iframe><\/p>\n<p><iframe loading=\"lazy\" title=\"AMIGOS DE VERDADE  | A HIST\u00d3RIA QUE VOU CONTAR EP 09\" width=\"1320\" height=\"743\" src=\"https:\/\/www.youtube.com\/embed\/NdFZXmVm5NI?feature=oembed\" frameborder=\"0\" allow=\"accelerometer; autoplay; clipboard-write; encrypted-media; gyroscope; picture-in-picture; web-share\" referrerpolicy=\"strict-origin-when-cross-origin\" allowfullscreen><\/iframe><\/p>\n<p><iframe loading=\"lazy\" title=\"RECOMPENSA DE UMA BOA A\u00c7\u00c3O | A HIST\u00d3RIA QUE VOU CONTAR EP 11\" width=\"1320\" height=\"743\" src=\"https:\/\/www.youtube.com\/embed\/bK0zRkazbFc?feature=oembed\" frameborder=\"0\" allow=\"accelerometer; autoplay; clipboard-write; encrypted-media; gyroscope; picture-in-picture; web-share\" referrerpolicy=\"strict-origin-when-cross-origin\" allowfullscreen><\/iframe><\/p>\n<p><iframe loading=\"lazy\" title=\"SEJA SEMPRE GENTIL  | A HIST\u00d3RIA QUE VOU CONTAR EP 12\" width=\"1320\" height=\"743\" src=\"https:\/\/www.youtube.com\/embed\/HkSMxqF7VjA?feature=oembed\" frameborder=\"0\" allow=\"accelerometer; autoplay; clipboard-write; encrypted-media; gyroscope; picture-in-picture; web-share\" referrerpolicy=\"strict-origin-when-cross-origin\" allowfullscreen><\/iframe><\/p>\n<p><iframe loading=\"lazy\" title=\"A J\u00d3IA DO BURRO  | A HIST\u00d3RIA QUE VOU CONTAR EP 14\" width=\"1320\" height=\"743\" src=\"https:\/\/www.youtube.com\/embed\/DXbwosYFZQw?feature=oembed\" frameborder=\"0\" allow=\"accelerometer; autoplay; clipboard-write; encrypted-media; gyroscope; picture-in-picture; web-share\" referrerpolicy=\"strict-origin-when-cross-origin\" allowfullscreen><\/iframe><\/p>\n<p><iframe loading=\"lazy\" title=\"MARIDO AFOGADO \u00c9 SALVO  - A HIST\u00d3RIA QUE VOU CONTAR EP 17\" width=\"1320\" height=\"743\" src=\"https:\/\/www.youtube.com\/embed\/3AAU-1cpBig?feature=oembed\" frameborder=\"0\" allow=\"accelerometer; autoplay; clipboard-write; encrypted-media; gyroscope; picture-in-picture; web-share\" referrerpolicy=\"strict-origin-when-cross-origin\" allowfullscreen><\/iframe><\/p>\n<p><iframe loading=\"lazy\" title=\"FOR\u00c7A PARA REVIVER AMIGOS  | A HIST\u00d3RIA QUE VOU CONTAR EP 20\" width=\"1320\" height=\"743\" src=\"https:\/\/www.youtube.com\/embed\/d4cZAlnsaVw?feature=oembed\" frameborder=\"0\" allow=\"accelerometer; autoplay; clipboard-write; encrypted-media; gyroscope; picture-in-picture; web-share\" referrerpolicy=\"strict-origin-when-cross-origin\" allowfullscreen><\/iframe><\/p>\n<p><iframe loading=\"lazy\" title=\"O URSO DAN\u00c7ARINO | A HIST\u00d3RIA QUE VOU CONTAR EP23\" width=\"1320\" height=\"743\" src=\"https:\/\/www.youtube.com\/embed\/HAsDWSDlmwU?feature=oembed\" frameborder=\"0\" allow=\"accelerometer; autoplay; clipboard-write; encrypted-media; gyroscope; picture-in-picture; web-share\" referrerpolicy=\"strict-origin-when-cross-origin\" allowfullscreen><\/iframe><\/p>\n<p><iframe loading=\"lazy\" title=\"UMA LI\u00c7\u00c3O ESPECIAL DE UM MENINOS ESPECIAL  |  A HIST\u00d3RIA QUE EU VOU CONTAR EP25\" width=\"1320\" height=\"743\" src=\"https:\/\/www.youtube.com\/embed\/pLP1ottsNFY?feature=oembed\" frameborder=\"0\" allow=\"accelerometer; autoplay; clipboard-write; encrypted-media; gyroscope; picture-in-picture; web-share\" referrerpolicy=\"strict-origin-when-cross-origin\" allowfullscreen><\/iframe><\/p>\n<p><iframe loading=\"lazy\" title=\"O VALOR DA TSEDAC\u00c1 | A HIST\u00d3RIA QUE EU VOU CONTAR EP38\" width=\"1320\" height=\"743\" src=\"https:\/\/www.youtube.com\/embed\/W9HxyQ3FEOQ?feature=oembed\" frameborder=\"0\" allow=\"accelerometer; autoplay; clipboard-write; encrypted-media; gyroscope; picture-in-picture; web-share\" referrerpolicy=\"strict-origin-when-cross-origin\" allowfullscreen><\/iframe><\/p>\n<p><iframe loading=\"lazy\" title=\"A IMPORT\u00c2NCIA DE CADA UM | A HIST\u00d3RIA QUE EU VOU CONTAR EP41\" width=\"1320\" height=\"743\" src=\"https:\/\/www.youtube.com\/embed\/cO3CW5jInG0?feature=oembed\" frameborder=\"0\" allow=\"accelerometer; autoplay; clipboard-write; encrypted-media; gyroscope; picture-in-picture; web-share\" referrerpolicy=\"strict-origin-when-cross-origin\" allowfullscreen><\/iframe><\/p>\n<p><iframe loading=\"lazy\" title=\"RABI AKIVA E O TESOURO GARANTIDO | A HIST\u00d3RIA QUE EU VOU CONTAR EP60\" width=\"1320\" height=\"743\" src=\"https:\/\/www.youtube.com\/embed\/PDbhcZsipv0?feature=oembed\" frameborder=\"0\" allow=\"accelerometer; autoplay; clipboard-write; encrypted-media; gyroscope; picture-in-picture; web-share\" referrerpolicy=\"strict-origin-when-cross-origin\" allowfullscreen><\/iframe><\/p>\n<p><iframe loading=\"lazy\" title=\"AUTO SACRIF\u00cdCIO PELO AMOR AO PR\u00d3XIMO | A HIST\u00d3RIA QUE EU VOU CONTAR EP63\" width=\"1320\" height=\"743\" src=\"https:\/\/www.youtube.com\/embed\/FfIbihAh6IY?feature=oembed\" frameborder=\"0\" allow=\"accelerometer; autoplay; clipboard-write; encrypted-media; gyroscope; picture-in-picture; web-share\" referrerpolicy=\"strict-origin-when-cross-origin\" allowfullscreen><\/iframe><\/p>\n<p><iframe loading=\"lazy\" title=\"O PERD\u00c3O QUE CURA | A HIST\u00d3RIA QUE EU VOU CONTAR EP64\" width=\"1320\" height=\"743\" src=\"https:\/\/www.youtube.com\/embed\/QsEBsIwpypc?feature=oembed\" frameborder=\"0\" allow=\"accelerometer; autoplay; clipboard-write; encrypted-media; gyroscope; picture-in-picture; web-share\" referrerpolicy=\"strict-origin-when-cross-origin\" allowfullscreen><\/iframe><\/p>\n<p><iframe loading=\"lazy\" title=\"A MELHOR ESCOLHA | A HIST\u00d3RIA QUE EU VOU CONTAR EP68\" width=\"1320\" height=\"743\" src=\"https:\/\/www.youtube.com\/embed\/jK7hPTxtEmU?feature=oembed\" frameborder=\"0\" allow=\"accelerometer; autoplay; clipboard-write; encrypted-media; gyroscope; picture-in-picture; web-share\" referrerpolicy=\"strict-origin-when-cross-origin\" allowfullscreen><\/iframe><\/p>\n<p><iframe loading=\"lazy\" title=\"ESCOLHENDO A PAZ  | A HIST\u00d3RIA QUE EU VOU CONTAR EP72\" width=\"1320\" height=\"743\" src=\"https:\/\/www.youtube.com\/embed\/pX8S91OWUeI?feature=oembed\" frameborder=\"0\" allow=\"accelerometer; autoplay; clipboard-write; encrypted-media; gyroscope; picture-in-picture; web-share\" referrerpolicy=\"strict-origin-when-cross-origin\" allowfullscreen><\/iframe><\/p>\n<p><iframe loading=\"lazy\" title=\"A LENDA VIVA | A HIST\u00d3RIA QUE EU VOU CONTAR EP78\" width=\"1320\" height=\"743\" src=\"https:\/\/www.youtube.com\/embed\/r_izMYjCecY?feature=oembed\" frameborder=\"0\" allow=\"accelerometer; autoplay; clipboard-write; encrypted-media; gyroscope; picture-in-picture; web-share\" referrerpolicy=\"strict-origin-when-cross-origin\" allowfullscreen><\/iframe><\/p>\n<p>&nbsp;<\/p>\n<p style=\"text-align: center;\">\u05dc\u05d0 \u05ea\u05dd \u05d5\u05dc\u05d0 \u05e0\u05e9\u05dc\u05dd &#8211; \u05d4\u05d3\u05e3 \u05d4\u05d6\u05d4 \u05d4\u05d5\u05d0 \u05e2\u05d3\u05d9\u05d9\u05df \u05d1\u05dc\u05d0\u05d2\u05df<\/p>\n","protected":false},"excerpt":{"rendered":"<p>Historinhas do Rabino David Moritz\u00a0 Empatia &#8211; Historinhas do Rabino David Moritz\u00a0 &nbsp; \u05dc\u05d0 \u05ea\u05dd \u05d5\u05dc\u05d0 \u05e0\u05e9\u05dc\u05dd &#8211; \u05d4\u05d3\u05e3 \u05d4\u05d6\u05d4 \u05d4\u05d5\u05d0 \u05e2\u05d3\u05d9\u05d9\u05df \u05d1\u05dc\u05d0\u05d2\u05df<\/p>\n","protected":false},"author":4,"featured_media":0,"parent":0,"menu_order":0,"comment_status":"closed","ping_status":"closed","template":"","meta":{"give_campaign_id":0,"footnotes":""},"class_list":["post-21094","page","type-page","status-publish","hentry"],"campaignId":"","_hostinger_reach_plugin_has_subscription_block":false,"_hostinger_reach_plugin_is_elementor":false,"_links":{"self":[{"href":"https:\/\/rabinogloiber.org\/index.php?rest_route=\/wp\/v2\/pages\/21094","targetHints":{"allow":["GET"]}}],"collection":[{"href":"https:\/\/rabinogloiber.org\/index.php?rest_route=\/wp\/v2\/pages"}],"about":[{"href":"https:\/\/rabinogloiber.org\/index.php?rest_route=\/wp\/v2\/types\/page"}],"author":[{"embeddable":true,"href":"https:\/\/rabinogloiber.org\/index.php?rest_route=\/wp\/v2\/users\/4"}],"replies":[{"embeddable":true,"href":"https:\/\/rabinogloiber.org\/index.php?rest_route=%2Fwp%2Fv2%2Fcomments&post=21094"}],"version-history":[{"count":8,"href":"https:\/\/rabinogloiber.org\/index.php?rest_route=\/wp\/v2\/pages\/21094\/revisions"}],"predecessor-version":[{"id":21268,"href":"https:\/\/rabinogloiber.org\/index.php?rest_route=\/wp\/v2\/pages\/21094\/revisions\/21268"}],"wp:attachment":[{"href":"https:\/\/rabinogloiber.org\/index.php?rest_route=%2Fwp%2Fv2%2Fmedia&parent=21094"}],"curies":[{"name":"wp","href":"https:\/\/api.w.org\/{rel}","templated":true}]}}