{"id":23687,"date":"2026-02-15T00:31:16","date_gmt":"2026-02-15T00:31:16","guid":{"rendered":"https:\/\/rabinogloiber.org\/?page_id=23687"},"modified":"2026-02-15T00:55:11","modified_gmt":"2026-02-15T00:55:11","slug":"os-animais-da-tora","status":"publish","type":"page","link":"https:\/\/rabinogloiber.org\/?page_id=23687","title":{"rendered":"Os animais da Tor\u00e1"},"content":{"rendered":"<p>&nbsp;<\/p>\n<h6 style=\"text-align: center;\"><strong><span style=\"color: #008080;\">Os animais da Tor\u00e1\u00a0<\/span><\/strong><\/h6>\n<p style=\"text-align: center;\"><span style=\"color: #ff00ff;\"><strong>Ra\u00e7as e esp\u00e9cies:<\/strong><\/span><\/p>\n<p>&nbsp;<\/p>\n<p>Nas tradu\u00e7\u00f5es antigas da Tor\u00e1 para o latim e de l\u00e1 para as demais l\u00ednguas, o Shafan \u00e9 traduzido como Coelho e a Arnevet como lebre. O primeiro problema com essa tradu\u00e7\u00e3o \u00e9 que a Tor\u00e1 fala sobre quatro animais diferentes, quatro esp\u00e9cies e n\u00e3o quatro ra\u00e7as.<\/p>\n<p>&nbsp;<\/p>\n<p>O que determina a esp\u00e9cie pela Tor\u00e1 \u00e9 o fato de eles se cruzarem entre si e terem um filho f\u00e9rtil, isso \u00e9 a prova de que pertencem \u00e0 mesma esp\u00e9cie e que essa esp\u00e9cie saiu da arca de No\u00e9 e recebeu a ben\u00e7\u00e3o de Hashem para se multiplicar.<\/p>\n<p>&nbsp;<\/p>\n<p>Quando uma esp\u00e9cie se cruza com outra, ou n\u00e3o tem filhos ou o filho n\u00e3o \u00e9 f\u00e9rtil.<\/p>\n<p>&nbsp;<\/p>\n<p>Isso porque essa nova esp\u00e9cie n\u00e3o saiu da Arca de No\u00e9 e n\u00e3o recebeu a Brach\u00e1 de Hashem para se multiplicar.<\/p>\n<p>&nbsp;<\/p>\n<p>Noa&#8217;h colocou na arca somente um cachorro e uma cadela e hoje vemos in\u00fameras ra\u00e7as de c\u00e3es , t\u00e3o diferentes umas das outras que parecem esp\u00e9cies diferentes, mas a prova de que s\u00e3o somente ra\u00e7as de uma mesma esp\u00e9cie \u00e9 que todos se cruzam entre si e tem filhos f\u00e9rteis (no Brasil esse \u00e9 o famoso &#8220;vira latas&#8221;).<\/p>\n<p>&nbsp;<\/p>\n<p>O Coelho e a lebre cruzam-se entre si e tem filho f\u00e9rtil constatando que s\u00e3o apenas duas ra\u00e7as de uma mesma esp\u00e9cie.<\/p>\n<p>&nbsp;<\/p>\n<p>Outro problema (que \u00e9 o principal) \u00e9 que nem o Coelho e nem a Lebre s\u00e3o ruminantes.<\/p>\n<p>&nbsp;<\/p>\n<p>Se o fato de eles mexerem a boca o tempo todo os considera ruminantes, existem in\u00fameras esp\u00e9cies que se comportam assim, e a Tor\u00e1 fala sobre a exist\u00eancia de somente tr\u00eas esp\u00e9cies que ruminam mas n\u00e3o tem casco fendido.<\/p>\n<p>&nbsp;<\/p>\n<p>Se o fato de eles comerem por engano os pr\u00f3prios excrementos os torna ruminantes, o porco tamb\u00e9m tem esse comportamento e a Tor\u00e1 atesta que ele n\u00e3o \u00e9 ruminante.<\/p>\n<p>&nbsp;<\/p>\n<p>O editor do primeiro dicion\u00e1rio de hebraico atual, Even Shoshan, teve que traduzir Shafan e Arnevet como Coelho e lebre por assim terem sido traduzidos anteriormente pelas tradu\u00e7\u00f5es da b\u00edblia para outras l\u00ednguas.<\/p>\n<p>&nbsp;<\/p>\n<p>mas sabendo que esses animais n\u00e3o conferem com o Shafan e a arnevet da Tor\u00e1, disse que provavelmente devem ser um Coelho e lebre do &#8220;extremo oriente&#8221; (termo usado antigamente para dizer que esse animal caso exista est\u00e1 bem longe de n\u00f3s e nunca o vimos).<\/p>\n<p>&nbsp;<\/p>\n<p>Hoje que os animais do &#8220;extremo oriente&#8221; tamb\u00e9m foram classificados, n\u00e3o encontramos fora o camelo (em todas as suas vers\u00f5es) outras duas esp\u00e9cies de animais que ruminam mas n\u00e3o tem casco fendido.<\/p>\n<p>&nbsp;<\/p>\n<p>Conclus\u00e3o: o Coelho n\u00e3o \u00e9 o Shafan e a Arnevet n\u00e3o \u00e9 a lebre, e o Shafan e a Arnevet s\u00e3o dois animais que n\u00e3o foram mais encontrados, talvez dois<\/p>\n<p>&nbsp;<\/p>\n<p style=\"text-align: center;\"><strong>Curiosidade<\/strong><\/p>\n<p>&nbsp;<\/p>\n<p>A Guemar\u00e1 em Meguil\u00e1 nos conta que Talmai, rei da Gr\u00e9cia que dominava a terra de Israel, colocou 72 s\u00e1bios de Israel em 72 casas separadas e ordenou a cada um deles pessoalmente traduzir a Tor\u00e1 para grego.<\/p>\n<p>&nbsp;<\/p>\n<p>Cada um dos setenta e dois S\u00e1bios pensava que s\u00f3 ele estava traduzindo a Tor\u00e1 e mudou algumas coisas que pudessem ou causar um decreto do rei contra o estudo da Tor\u00e1 ou dar a impress\u00e3o que a Tor\u00e1 se assemelha \u00e0 idolatria. Por milagre todos esses 72 s\u00e1bios mudaram exatamente as mesmas palavras.<\/p>\n<p>&nbsp;<\/p>\n<p>Uma das coisas que eles mudaram foi o nome da Arnevet que na sua tradu\u00e7\u00e3o para o grego seria o nome da esposa de Talmai, para que ele n\u00e3o ficasse furioso em pensar que os judeus colocaram o nome da esposa dele na Tor\u00e1.<\/p>\n<p>&nbsp;<\/p>\n<p>Talvez nessa hora de emerg\u00eancia jogaram o nome da Arnevet \u00e0 lebre e talvez foi a\u00ed que tudo come\u00e7ou.<\/p>\n<p>&nbsp;<\/p>\n<p>Talvez para os povos do mundo que traduziram a Tor\u00e1 como pentateuco n\u00e3o importava quem eram o shafan e a arnevet, sendo que para eles n\u00e3o t\u00eam muita relev\u00e2ncia se o animal \u00e9 impuro por ter um sinal de pureza ou por n\u00e3o ter nenhum.<\/p>\n<p>&nbsp;<\/p>\n<p>Mas para n\u00f3s esse assunto \u00e9 grav\u00edssimo pelo fato de a Guemar\u00e1 em Hulin 60b dizer que o fato de Moshe Rabeinu sem ter experi\u00eancia com animais ex\u00f3ticos saber que somente quatro esp\u00e9cies de animais no mundo inteiro tem somente um sinal de pureza \u00e9 um argumento para provar que a Tor\u00e1 \u00e9 Divina.<\/p>\n<p>&nbsp;<\/p>\n<p>Quando usamos a tradu\u00e7\u00e3o crist\u00e3 da Tor\u00e1 sobre o Shafan e a Arnevet como coelho e lebre estamos fazendo o contr\u00e1rio, colocando na m\u00e3o de todos uma prova de que a Tor\u00e1 n\u00e3o \u00e9 Divina.<\/p>\n<p>&nbsp;<\/p>\n<p>Talvez ningu\u00e9m queira corrigir esses erros de tradu\u00e7\u00e3o para n\u00e3o assumir que errou durante dezenas de anos desde a primeira tradu\u00e7\u00e3o Judaica da Tor\u00e1, mas \u00e9 melhor corrigir isso agora transliterando Shafan e Arnevet e n\u00e3o traduzido como coelho e lebre sendo que a tradu\u00e7\u00e3o est\u00e1 explicitamente errada. Como diz o ditado &#8220;antes tarde do que mais tarde&#8221; !<\/p>\n<p>&nbsp;<\/p>\n<p style=\"text-align: center;\">\ud83c\udf3b\ud83c\udf3b\ud83c\udf3b<\/p>\n<p>&nbsp;<\/p>\n<p style=\"text-align: center;\"><strong>Dinossauros<\/strong><\/p>\n<p>&nbsp;<\/p>\n<p>D\u2019us criou o mundo em seis dias h\u00e1 5778 anos atr\u00e1s. Se um cientista estivesse com todo o seu equipamento nos seis dias da cria\u00e7\u00e3o iria analisar uma pedra e dizer que ela tem milh\u00f5es de anos, cortar uma \u00e1rvore, contar quantos an\u00e9is h\u00e1 nela e concluir que ela tem mil anos, e por final entrevistar Ad\u00e3o e Eva e concluir que eles s\u00e3o dois adultos falando hebraico fluentemente e n\u00e3o beb\u00eas rec\u00e9m nascidos.<\/p>\n<p>&nbsp;<\/p>\n<p>Assim D\u2019us criou o universo, tudo em seis dias , mas com tanta qualidade que parece at\u00e9 que levou milh\u00f5es de anos para fazer! O cientista ficaria espantado com a capacidade Divina de conseguir criar tudo em seis dias h\u00e1 5778 anos e n\u00e3o precisar esperar milh\u00f5es de anos para ver se algo absurdamente surge sozinho.<\/p>\n<p>&nbsp;<\/p>\n<p>Se os dinossauros foram cruzamentos h\u00edbridos que morreram no dil\u00favio ou se foram criados originalmente nos seis dias da cria\u00e7\u00e3o , entraram na arca de No\u00e9 mas n\u00e3o se adaptaram ao clima p\u00f3s dil\u00favio, isso fica em aberto. Mas o fato de D\u2019us ter criado lugares no mundo como o Grand Canyon, com certeza foi para nos dar o livre arb\u00edtrio para podermos escolher entre D\u2019us e as teorias da cria\u00e7\u00e3o !<\/p>\n<p>&nbsp;<\/p>\n<p style=\"text-align: center;\"><strong>Aves em outros planetas\u00a0<\/strong><\/p>\n<p>&nbsp;<\/p>\n<p>No primeiro dia da cria\u00e7\u00e3o \u00e9 usada a palavra \u201cD\u2019us criou\u201d, no terceiro dia est\u00e1 escrito \u201ca terra tirou\u201d. Rashi explica que tudo foi criado no primeiro dia , mas a terra foi tirando por ordem Divina cada dia a cria\u00e7\u00e3o vinculada \u00e0quele pr\u00f3prio dia. Daqui podemos deduzir que tudo saiu da nossa terra, ou seja, a gal\u00e1xia inteira!<\/p>\n<p>Podemos deduzir que os planetas que D\u2019us colocou no c\u00e9u no quarto dia foram tirados da terra e colocados no c\u00e9u , talvez at\u00e9 com as plantas que \u201ca terra tirou\u201d no terceiro dia , ou talvez at\u00e9 os pr\u00f3prios planetas depois de sa\u00edrem da Terra continuaram \u201ctirando\u201d cada dia da cria\u00e7\u00e3o , cada um no seu lugar, peixes aves e animais de acordo com as condi\u00e7\u00f5es do lugar, tudo isso \u00e9 \u201ctalvez\u201d.<\/p>\n<p>Mas uma coisa \u00e9 certa e n\u00e3o \u201ctalvez\u201d, quando chegamos \u00e0 cria\u00e7\u00e3o do homem tudo muda. D\u2019us faz um homem de barro e sopra nele uma Alma Divina, diferente dos outros dias da cria\u00e7\u00e3o . Ou seja, ser humano, vida inteligente, isso D\u2019us criou separadamente no sexto dia e somente aqui na nossa terra.<\/p>\n<p>Ent\u00e3o como pode ser que pessoas fotografaram discos voadores no c\u00e9u e etc? Voltamos para o assunto do Grand Canyon, isso vem para nos dar o livre arb\u00edtrio e a possibilidade de escolha.<\/p>\n<p>O Midrash nos conta que quando Moshe Rabeinu estava no monte Sinai, o anjo da morte fez um filme no c\u00e9u mostrando o enterro de Moshe. Todos viram, e se tivessem celular naquela \u00e9poca poderiam at\u00e9 ter filmado e colocado no YouTube. Mas tudo era uma ilus\u00e3o, no outro dia Moshe desceu vivo e cheio de energia !<\/p>\n<p>Ou seja, o \u201coutro lado\u201d pode usar esse recurso tamb\u00e9m em certas ocasi\u00f5es e fazer discos voadores no c\u00e9u para usarmos o nosso livre arb\u00edtrio e optarmos pela verdade que vida material inteligente existe somente no nosso planeta Terra e tudo foi criado h\u00e1 5778 anos atr\u00e1s no Gan \u00c9den material que estava entre o rio Prat (Euphrates) e o Hidekel (Tigris)<\/p>\n<p>Rabino Gloiber<\/p>\n<p>Sempre correndo<\/p>\n<p>Mas sempre rezando por voc\u00ea!<\/p>\n<p>www.RabinoGloiber.org<\/p>\n<p>\ud83c\udf37\ud83c\udf37\ud83c\udf37\ud83c\udf37\ud83c\udf37\ud83c\udf37\ud83c\udf37\ud83c\udf37\ud83c\udf37\ud83c\udf37\ud83c\udf37\ud83c\udf37\ud83c\udf37\ud83c\udf37\ud83c\udf37<\/p>\n","protected":false},"excerpt":{"rendered":"<p>&nbsp; Os animais da Tor\u00e1\u00a0 Ra\u00e7as e esp\u00e9cies: &nbsp; Nas tradu\u00e7\u00f5es antigas da Tor\u00e1 para o latim e de l\u00e1 para as demais l\u00ednguas, o Shafan \u00e9 traduzido como Coelho e a Arnevet como lebre. O primeiro&hellip;<\/p>\n","protected":false},"author":4,"featured_media":0,"parent":0,"menu_order":0,"comment_status":"closed","ping_status":"closed","template":"","meta":{"give_campaign_id":0,"footnotes":""},"class_list":["post-23687","page","type-page","status-publish","hentry"],"campaignId":"","_hostinger_reach_plugin_has_subscription_block":false,"_hostinger_reach_plugin_is_elementor":false,"_links":{"self":[{"href":"https:\/\/rabinogloiber.org\/index.php?rest_route=\/wp\/v2\/pages\/23687","targetHints":{"allow":["GET"]}}],"collection":[{"href":"https:\/\/rabinogloiber.org\/index.php?rest_route=\/wp\/v2\/pages"}],"about":[{"href":"https:\/\/rabinogloiber.org\/index.php?rest_route=\/wp\/v2\/types\/page"}],"author":[{"embeddable":true,"href":"https:\/\/rabinogloiber.org\/index.php?rest_route=\/wp\/v2\/users\/4"}],"replies":[{"embeddable":true,"href":"https:\/\/rabinogloiber.org\/index.php?rest_route=%2Fwp%2Fv2%2Fcomments&post=23687"}],"version-history":[{"count":4,"href":"https:\/\/rabinogloiber.org\/index.php?rest_route=\/wp\/v2\/pages\/23687\/revisions"}],"predecessor-version":[{"id":23693,"href":"https:\/\/rabinogloiber.org\/index.php?rest_route=\/wp\/v2\/pages\/23687\/revisions\/23693"}],"wp:attachment":[{"href":"https:\/\/rabinogloiber.org\/index.php?rest_route=%2Fwp%2Fv2%2Fmedia&parent=23687"}],"curies":[{"name":"wp","href":"https:\/\/api.w.org\/{rel}","templated":true}]}}