{"id":7633,"date":"2018-03-18T10:28:43","date_gmt":"2018-03-18T13:28:43","guid":{"rendered":"http:\/\/ongtora.com\/?page_id=7633"},"modified":"2018-03-18T10:28:43","modified_gmt":"2018-03-18T13:28:43","slug":"receitas-de-shavuot","status":"publish","type":"page","link":"https:\/\/rabinogloiber.org\/?page_id=7633","title":{"rendered":"Receitas de Shavuot"},"content":{"rendered":"<p><img loading=\"lazy\" decoding=\"async\" class=\"alignnone size-medium wp-image-9086\" src=\"https:\/\/rabinogloiber.org\/wp-content\/uploads\/2019\/02\/69068f0bf164e0f2d69c963a54596b9e-300x225.jpg\" alt=\"\" width=\"300\" height=\"225\" \/><\/p>\n<p><b>RECEITAS \u00a0PARA SHAVUOT \u2013\u00a0Por B\u00e1tya Odessa<\/b><br \/>\n<b>Torta de Ricota Para Shavuot<\/b><br \/>\nIngredientes :<br \/>\n300 gr de Ricota (Ricota Casher)<br \/>\n1 lata de leite condensado soja<br \/>\n1 copo de leite<br \/>\n1\/2 x\u00edcara de a\u00e7ucar<br \/>\n4 ovos inteiros<br \/>\n2 colheres de sopa de amido de milho (MAIZENA \u2013 Lista Verde BDK)<br \/>\n1 colher de ch\u00e1 de ess\u00eancia de baunilha( DR OETKER- Lista Verde BDK)<span class=\"text_exposed_show\"><br \/>\nmargarina para untar a forma ( MARGARELLA)<br \/>\nfarinha de trigo para untar a forma<br \/>\nCobertura<br \/>\nGoiabada cremosa<br \/>\nModo de Preparo:<br \/>\n*(Peneire o a\u00e7ucar e o amido de milho) *A farinha deve ter sido devidamente peneirada em peneira bem fina, para ver se h\u00e1 presen\u00e7a de algum inseto)*(Os ovos devem ser verificados um a um em recipiente transparente, observe se h\u00e1 presen\u00e7a de sangue, se houver descarte o ovo)<br \/>\nBata todos os ingredientes no liquidificador<br \/>\nUnte uma forma com margarina e farinha de trigo *( A farinha deve ter sido devidamente peneirada em peneira bem fina, para ver se h\u00e1 presen\u00e7a de algum inseto)<br \/>\nDespeje a Goiabada cremosa por cima da torta j\u00e1 assada.<\/span><\/p>\n<p><b>Blintzes para Shavuot<\/b><br \/>\nIngredientes:<br \/>\n4 ovos<br \/>\n1\/2 x\u00edcara de leite<br \/>\n1\/2 x\u00edcara de \u00e1gua<br \/>\n1 x\u00edcara de farinha de trigo<br \/>\n1 colher (sopa) de \u00f3leo<br \/>\n1 colher (sopa) de ess\u00eancia de baunilha<br \/>\n1colher de a\u00e7ucar<br \/>\nRecheio: A gosto<br \/>\nRicota (CASHER) com passas\/ Doce de leite (CASHER)\/Gel\u00e9ia de sua preferencia<br \/>\nModo de Preparo<br \/>\n*(Peneirea farinha de trigo, em peneira bem fina, para ver se h\u00e1 presen\u00e7a de algum inseto)*(Os ovos devem ser verificados um a um em recipiente transparente, observe se h\u00e1 presen\u00e7a de sangue, se houver descarte o ovo)<br \/>\nBata todos os ingredientes no liquidificador, e frite os Blintzes em frigideira untada com \u00f3leo um a um.<br \/>\nRechei a gosto<br \/>\n\u2615\u2615\u2615\u2615\u2615\u2615\u2615\u2615\u2615\u2615\u2615\u2615\u2615\u2615\u2615\u2615\u2615\u2615\u2615\u2615\u2615\u2615\u2615\u2615\u2615\u2615\u2615\u2615\u2615\u2615\u2615\u2615<\/p>\n<p>Site de Lista de Produtos Kasher<\/p>\n<p><a href=\"http:\/\/bdk.com.br\">http:\/\/bdk.com.br<\/a><\/p>\n<p><a href=\"http:\/\/www.bka.com.br\/\">http:\/\/www.bka.com.br\/<\/a><\/p>\n","protected":false},"excerpt":{"rendered":"<p>RECEITAS \u00a0PARA SHAVUOT \u2013\u00a0Por B\u00e1tya Odessa Torta de Ricota Para Shavuot Ingredientes : 300 gr de Ricota (Ricota Casher) 1 lata de leite condensado soja 1 copo de leite 1\/2 x\u00edcara de a\u00e7ucar 4 ovos inteiros 2&hellip;<\/p>\n","protected":false},"author":4,"featured_media":0,"parent":0,"menu_order":0,"comment_status":"closed","ping_status":"closed","template":"","meta":{"give_campaign_id":0,"footnotes":""},"class_list":["post-7633","page","type-page","status-publish","hentry"],"campaignId":"","_hostinger_reach_plugin_has_subscription_block":false,"_hostinger_reach_plugin_is_elementor":false,"_links":{"self":[{"href":"https:\/\/rabinogloiber.org\/index.php?rest_route=\/wp\/v2\/pages\/7633","targetHints":{"allow":["GET"]}}],"collection":[{"href":"https:\/\/rabinogloiber.org\/index.php?rest_route=\/wp\/v2\/pages"}],"about":[{"href":"https:\/\/rabinogloiber.org\/index.php?rest_route=\/wp\/v2\/types\/page"}],"author":[{"embeddable":true,"href":"https:\/\/rabinogloiber.org\/index.php?rest_route=\/wp\/v2\/users\/4"}],"replies":[{"embeddable":true,"href":"https:\/\/rabinogloiber.org\/index.php?rest_route=%2Fwp%2Fv2%2Fcomments&post=7633"}],"version-history":[{"count":0,"href":"https:\/\/rabinogloiber.org\/index.php?rest_route=\/wp\/v2\/pages\/7633\/revisions"}],"wp:attachment":[{"href":"https:\/\/rabinogloiber.org\/index.php?rest_route=%2Fwp%2Fv2%2Fmedia&parent=7633"}],"curies":[{"name":"wp","href":"https:\/\/api.w.org\/{rel}","templated":true}]}}